 i(-10). Suppose z*x - 2*x - 336 = 0. Calculate the greatest common divisor of x and 56.
56
Suppose -h - 5*w = -92, 2*w = 4*h - 3*w - 343. Suppose h = -235*t + 238*t. Calculate the greatest common divisor of t and 232.
29
Let u = 2884 + -772. Calculate the greatest common divisor of 198 and u.
66
Let t be 692 - (17 + 5 + -14). Calculate the greatest common factor of t and 532.
76
Let u = -14342 - -18269. What is the highest common divisor of u and 17?
17
Suppose -4*u - 4*b = -148, -147 = -4*u - 3*b - 0. Suppose -21*k - 1620 = -u*k. Suppose 0 = -h - 17 + 44. Calculate the highest common divisor of k and h.
27
Let j(w) = -6*w - 8. Let y(q) = 5*q + 9. Let u(g) = 4*j(g) + 3*y(g). Let k be u(5). Let s = k + 82. Calculate the highest common factor of s and 24.
8
Suppose 320502 = 129*t + 39282. What is the highest common factor of 40 and t?
20
Let u = 156 - 107. What is the greatest common factor of u and 33?
1
Let n = -19259 - -19264. Suppose 0 = 5*w + 2*x - 8, -3*w + 2*x - 3 - 5 = 0. Suppose -7*q + 3*q + 100 = w. Calculate the greatest common factor of q and n.
5
Let g = 26 - 10. Suppose -3*o + 5*t + 28 = -814, -12 = 3*t. Suppose -19*n + o = -30. Calculate the greatest common factor of n and g.
16
Let k be (242/3)/((-1168)/(-1752)). Calculate the highest common factor of 32549 and k.
121
Let t(x) = -610*x - 213. Let v be t(-2). Calculate the highest common divisor of v and 106.
53
Suppose 0 = -4*n - 2*g - 2 + 168, -4*n + 175 = -g. Suppose -49*a = -61*a + 13932. Calculate the highest common divisor of a and n.
43
Let p(j) = -67*j - 757. Let g be p(-16). Calculate the highest common factor of 140 and g.
35
Suppose 5*v + 3*a - 12 = 4*a, 3 = 3*v - 2*a. Let z = 1107 + -491. Suppose v*y + 11*y = z. What is the greatest common factor of y and 110?
22
Let p = 13128 - 12990. What is the greatest common divisor of p and 102?
6
Suppose 6*p + 4*p + 100 = 0. Let l be (-20)/50 - (0 - (-354)/p). Suppose -d + 3 = -2*h, 0*d + 2*d - 3*h = 8. What is the greatest common factor of l and d?
7
Suppose -3*d - 2*p - 2 + 1 = 0, -p + 1 = 2*d. Let h = 8 - 5. Suppose 0 = -5*k + 4*k + 4, -d*k - 27 = -h*u. Calculate the highest common divisor of u and 65.
13
Suppose -4*q - 1443*g + 1438*g = -3279, 0 = 5*q - 5*g - 4155. Calculate the greatest common factor of 472 and q.
118
Let n(q) = 3*q + 928. Let u be n(-9). Calculate the highest common divisor of 17 and u.
17
Let b(j) = 16*j**2 - 14*j + 2. Let z be b(-6). Suppose 4*x + 9*i - 528 = 11*i, 3*i + z = 5*x. What is the greatest common divisor of 52 and x?
26
Let a be (-12 + 519)*1/(-3). Let d = 175 + a. Calculate the highest common factor of 42 and d.
6
Suppose -31*q - 3*q + 24396 = 42*q. Calculate the highest common factor of q and 2675.
107
Let c be (-238)/(-70) + 2/(-5). Suppose 0 = -c*o + o. Suppose -7*l + 73 + 179 = o. What is the greatest common factor of l and 396?
36
Let u(r) = 70*r - 883. Let v be u(44). Calculate the highest common factor of 13 and v.
13
Let n(m) = 162*m - 2021. Let o be n(13). Calculate the greatest common divisor of 3485 and o.
85
Let a(s) = 180*s - 1131. Let l be a(61). What is the highest common divisor of 147 and l?
147
Suppose 11*c + 6 = 14*c. Suppose -c*o + 2 = 0, t + 5*o = 5*t - 359. Let b be 196/t + 2 + (-4)/26. Calculate the greatest common factor of 28 and b.
4
Let s be 405/(-36)*(1 + -5). Let p be 1/(-2) + s/10. Suppose -6 = p*x + 4*i - 70, -13 = -x + 2*i. What is the highest common divisor of 150 and x?
15
Suppose -26*n + 29887 = 1287. What is the greatest common factor of n and 88?
44
Let j be (28840/168 - 16/(-2))*3. What is the greatest common factor of 231 and j?
77
Let r(t) = -19*t - 344. Let y be r(-24). What is the highest common factor of y and 1428?
28
Let s(i) = i**3 - 112*i**2 + 105*i + 831. Let o be s(111). Calculate the greatest common divisor of 704 and o.
11
Suppose d = 54 - 52. Let o be ((-13 - d) + -3)/((-2)/17). What is the greatest common factor of o and 408?
51
Let h be (1 - -8) + (0 - 2). Let y(s) = s**3 - 2*s**2 - 3*s - 14. Let r be y(h). Suppose 20*i = 15*i + r. Calculate the greatest common divisor of i and 63.
21
Let h be (1254/88)/(9/12). Calculate the highest common divisor of 4142 and h.
19
Suppose -851 = -31*c + 885. Calculate the greatest common factor of 13972 and c.
28
Let b be 2/((-1)/(-9)*21/(-14)). Let a be (-3 - 378/b) + (-1)/(-2). Calculate the highest common divisor of a and 203.
29
Let u = -1258 + 2176. Suppose -m + 5*j + 189 + 0 = 0, 0 = -5*m - 2*j + u. Calculate the greatest common factor of 16 and m.
8
Suppose 4975 = 14*d - 7985 + 3440. Calculate the highest common factor of d and 4590.
170
Let v(u) = -u**2 + 6*u + 71. Let m be v(12). Let r be m*2*(-8)/16. Calculate the greatest common factor of r and 32.
1
Let a(l) = 100*l**2 - 41*l + 874. Let b be a(19). Calculate the greatest common factor of 285 and b.
285
Suppose -213 = -2*k - t - 0*t, 5*t = 15. Let v = -187 - -229. What is the highest common factor of k and v?
21
Let z be 173/865 + 98*(-3)/(-30). Let p be ((-2)/(-1))/(1/4). What is the greatest common factor of p and z?
2
Let k(r) = r**2 + 4*r - 133. Let p be k(-17). Suppose p = 1178*v - 1177*v. What is the highest common divisor of v and 16?
8
Let u be (0 - -10) + 4/2. Let i(y) = 5625*y - 2772*y - 2839*y - 3 - y**2. Let m be i(u). Calculate the greatest common divisor of m and 84.
21
Let d be (6/6)/(1/(-75)). Let a be 3/6 - d/10. Let j be 2/(-10) - 101/(-5). What is the highest common divisor of j and a?
4
Suppose 0 = -i - 2*i + 102. Suppose -336 = -31*u + 35*u. Let v = u - -356. What is the greatest common divisor of v and i?
34
Suppose 5*z - 61 - 64 = 0. Suppose -2*c + 27 = -s, 4*c + 18 - 51 = -s. Calculate the highest common divisor of z and c.
5
Let t be (63/189)/(-1 - (-19)/18). Let m be 2 + (1 - t) + 8 + 6. Let s be (2 - 37/2)*-6. Calculate the greatest common factor of s and m.
11
Suppose 8*a - 53 = 4*a + 5*w, -a + 8 = 4*w. Let q = 0 + a. Suppose -2*h + k = -234 + 40, -3*k = -q. What is the greatest common divisor of h and 11?
11
Suppose -13*r + 9*r + 620 = 0. Calculate the greatest common divisor of r and 527.
31
Let l = 18523 + -17987. Calculate the greatest common divisor of 120 and l.
8
Let b = -14533 - -34647. What is the greatest common divisor of 178 and b?
178
Let w be 83/((14/(-4))/(-7)*(11 - 9)). Calculate the greatest common divisor of 39757 and w.
83
Let d(c) = -1. Let l(m) = 9*m - 4. Let r(u) = -3*d(u) + l(u). Let b be r(2). Suppose -10*w = 554 - 724. Calculate the greatest common divisor of b and w.
17
Suppose -2*x = h - 90, 22*h - 17*h - 3*x - 359 = 0. Calculate the highest common divisor of 2850 and h.
38
Suppose 121 = -138*r + 397. Suppose 87 - 12 = d. Let v be ((-24)/10)/((-10)/d). Calculate the highest common divisor of r and v.
2
Suppose 40*o + 1301 = -2019. Let k = -3 - o. What is the highest common divisor of 70 and k?
10
Suppose 8*c - 3*c = 60. Let m(h) = 4*h + c + 2*h**2 + 11*h + 5*h - 3*h**2. Let p be m(20). What is the greatest common divisor of 30 and p?
6
Suppose 265 - 279 = -5*d + 3686. Calculate the highest common divisor of d and 2368.
148
Suppose q + 5*i - 6 = 5, -4*i = 5*q + 8. Let s be q/2*-2 + -2. Let z be 2/(-5)*s/(8/(-260)). Calculate the greatest common factor of z and 130.
26
Suppose -2*b + 2 = -3*g, -b + 10 = 3*g - 0*g. Let r = -69 + 197. What is the greatest common divisor of r and g?
2
Let j be (-91)/455 - 92/(-10). Calculate the highest common factor of 20403 and j.
9
Suppose 3*y + 289*y - 36907 - 39013 = 0. Calculate the greatest common divisor of 11895 and y.
65
Suppose -86 = -6*l + 586. Let f be (9/5)/(6/20). Let a be 40/f*24/10. What is the greatest common divisor of l and a?
16
Suppose 5*p - 35 = 0, p = 5*i + 2*p - 332. What is the greatest common factor of 125 and i?
5
Let j = -13469 - -13730. What is the greatest common divisor of j and 1943?
29
Let c = -55 - -100. Suppose 0 = -2*u + 4*u + 10, -3*u + c = 5*w. Suppose -14*m + 9 = -11*m. Calculate the greatest common divisor of m and w.
3
Suppose 0 = 4*o - 74 + 102, 195 = y + 5*o. Calculate the highest common divisor of y and 9085.
115
Suppose 838*h = 839*h - 3*i + 7, -2*h = 3*i - 31. What is the greatest common divisor of 13544 and h?
8
Suppose -112*q + 2315376 = -28*q. What is the highest common divisor of q and 36?
12
Suppose -3*n 